24 + 3*s**3/2 - s**2. Calculate u(a).
2
Let f(g) = 2*g + 32. Let x(i) = -i**2 - 11*i - 25. Let z be x(-10). Let c be f(z). Let s(j) = -j**3 + j**2 - 3*j + 1. What is s(c)?
-9
Let m(v) = -19*v + 75*v - 27*v - 28*v - 16*v. Determine m(2).
-30
Let d(p) = 2 + 0 + 6 + p. Let h = 4 + -10. Calculate d(h).
2
Let s(m) = -4*m + 3. Let f be ((-2)/(-2))/((-3 + 19)/(-160)). Determine s(f).
43
Let c(w) = -5*w**2 - 2*w + 1. Let g = 249 - 248. Give c(g).
-6
Let d(c) be the first derivative of c**3/3 - 9*c**2/2 + 6*c + 176. Give d(9).
6
Let q(b) = b**3 - 4*b**2 + 2*b + 4. Let c = 28 + -8. Suppose 2*f = -c - 4. Let h be (f/(-10))/(12/30). What is q(h)?
1
Suppose -7 = 2*o - 21. Let v(n) = 4*n**3 - 4*n**2 - 2*n + 1. Let w(s) = 9*s**3 - 9*s**2 - 5*s + 2. Let j(x) = o*v(x) - 3*w(x). Suppose i + 5 = 4. Give j(i).
-2
Let g = 8 + -6. Suppose 0 = -g*w + 8 - 4. Suppose 0*o = w*o - 2. Let m(c) = -3*c**2 - c + 1. Give m(o).
-3
Let m(w) be the third derivative of w**6/120 + 2*w**5/15 - w**4/12 + 5*w**3/3 + 4*w**2 + 9*w. What is m(-8)?
26
Let p(i) be the second derivative of -5*i**3/6 - i**2 - 55*i - 1. Determine p(3).
-17
Let u(m) = -4*m**3 - 22*m**2 + 7*m - 1. Let o(l) = l**3 + 3*l**2 - l + 1. Let i(b) = 5*o(b) + u(b). Determine i(4).
-36
Let p(q) = -q - 7. Let n(v) = v - 5. Let b be n(5). Let g(s) = -s**3 - 2*s - 5. Let f be g(b). Give p(f).
-2
Let j(f) = -f**3 + 4*f**2 + 6*f + 5. Suppose -20 = 3*o - 95. Suppose 5*q - 3*d - o = 0, -5*q + d = 2*d - 25. What is j(q)?
10
Let z(p) = 204*p**3 - 205*p**3 - 11*p - 38*p**2 + 22 + 48*p**2. Determine z(9).
4
Suppose 0 = 6*g - 21 + 3. Let k be (96/(-12))/((g - 1)/1). Let l(h) = h**3 + 4*h**2 - 3*h - 2. Give l(k).
10
Suppose -9*u + 5*u + 18 = 2*j, 0 = -3*j + 3. Let y(f) be the first derivative of 2*f**2 - f - 7. Calculate y(u).
15
Let q(i) = 2*i + 5. Let x = 49 + -77. Let c = x - -49. Suppose 4*f + c = -5*v, -3*f + 3*v = 2*v + 11. Give q(f).
-3
Let x(w) = -3*w - 27. Let u(k) = -6*k + 91. Let h be u(17). What is x(h)?
6
Let o(p) = -p + 9. Suppose -19 = -5*w - 4*h, -4*h - 6 - 10 = 0. What is o(w)?
2
Suppose 12 = -0*s + 3*s. Suppose -s*f - 29 - 91 = 0. Let u = 27 + f. Let h(z) = -z - 2. Determine h(u).
1
Let f(j) = -j**3 - 2*j**2 - 1. Let l(g) = g - 5. Let p be l(4). Let w be ((-2)/p)/(9 + -8). What is f(w)?
-17
Let f(t) = t. Let h(q) = 5*q + 3. Let z(l) = -4*f(l) + h(l). Give z(-5).
-2
Let d(n) = -n**3 - n**2 + 1. Let c(b) = 7*b**3 + 3*b**2 - 2*b - 1. Let h(z) = c(z) + 2*d(z). Suppose -9*u + 20*u - 11 = 0. What is h(u)?
5
Let r(i) = -i**2 - 12*i + 9. Suppose 25 = 66*x - 69*x - d, -5*x + 4*d = 53. What is r(x)?
36
Suppose -290*r = -274*r + 128. Let l(i) = -i**3 - 8*i**2 + i + 11. Determine l(r).
3
Let y(o) = -o**3 - 16*o**2 - 16*o - 13. Let x be y(-15). Suppose -t + 2*i + x = 7, 5 = -4*t + 5*i. Let k(m) = -m**3 + 4*m**2 + 8*m - 7. Give k(t).
8
Let o(c) = 34*c**2 - 21*c + 5. Let t(i) = 2*i - 2. Let a be t(2). Let l(j) = -5*j**2 + 4*j - 3 + 0*j**2 + 2 - a*j**2. Let r(h) = -11*l(h) - 2*o(h). Give r(1).
8
Let g(k) be the second derivative of k**8/6720 - k**7/504 + k**6/360 + k**5/30 + k**4/12 - 2*k. Let l(s) be the third derivative of g(s). Give l(3).
-8
Let v(d) = d**3 + 5*d**2 + 2*d + 3. Let p be v(-5). Let o = p - -9. Let l(r) = r**3 - r**2 + 2. Give l(o).
6
Let q(c) be the second derivative of c**7/840 - c**6/60 - c**5/120 + 7*c**4/24 + 17*c**3/3 + c + 9. Let n(k) be the second derivative of q(k). Calculate n(6).
1
Suppose 4*q + 7 = -25. Let c be (1 + -1 - q) + -2. Suppose -c = -0*y - y. Let d(v) = -v + 4. Determine d(y).
-2
Suppose c + c = 3*z - 68, 2*z - 2*c = 42. Let y be (-39)/z*(-8)/6. Let k(p) = -y*p + 2*p + 3*p - 2*p. Give k(-3).
-3
Let k(z) = -3*z + 3. Let u be k(0). Let h(r) = r**3 + u*r**3 - 6*r**3 - 6*r + 3*r**3 + 2 + 5*r**2. Calculate h(-6).
2
Let z(n) = n**2 + 5*n - 2. Let o be z(-6). Suppose 0 = -3*b + o*k - 15, -4*b - 2*k - 2*k + 8 = 0. Let a(i) = -192*i + 582*i - 199*i - 200*i - 1. Calculate a(b).
8
Let r(y) = -2*y**2 + 8*y. Let j(h) = -h**2 + 7*h - 1. Let x(n) = 3*j(n) - 2*r(n). Suppose -163*a + 174*a + 66 = 0. What is x(a)?
3
Suppose -4*c = 9 - 25. Let p(h) be the first derivative of -4*h**2 - 2*h + 4. Let x(n) = -9*n - 3. Let l(i) = c*p(i) - 3*x(i). What is l(-1)?
6
Let x(z) = z**3 + 5*z**2 - 7*z + 2. Suppose 5*p - 5*d = 5 - 20, 0 = 5*p - 2*d + 9. Let c be (-64)/(p + 0 + -1). Let s = 26 - c. Give x(s).
8
Let h(g) = -4*g + 2. Let c(d) = 3*d - 17. Let w(k) = -c(k) - h(k). Calculate w(-16).
-1
Let g(l) = 5*l - 6*l - 6*l + 4*l + 4*l - 9. Calculate g(7).
-2
Let d(c) = -c**2 - 4*c + 1. Let h be d(-1). Let r(i) = 1 - i - 2 - i. Determine r(h).
-9
Let c(m) be the third derivative of m**4/24 + m**3/6 + m**2. Suppose -17 = -2*f + 3*f - 4*y, 0 = 5*y - 15. Determine c(f).
-4
Let h(n) = -n**3 + n**2 + n + 19. Let y be h(0). Let m(r) = -33 + r + 17 + y - 2*r. Determine m(7).
-4
Let s(i) be the first derivative of 0*i - 8 + 2/3*i**3 - 3/2*i**2 + 1/4*i**4. Determine s(2).
10
Let p(x) = x + 5. Let z be ((-6)/(24/20))/(-1). Let t be (0 + z)*(4 - 3). Determine p(t).
10
Let j(b) = -5*b**2 - b + 5. Let z(u) = 3*u - 32. Let n be z(13). Let h(p) = -9*p**2 - p + 9. Let m(g) = n*j(g) - 4*h(g). Calculate m(-2).
9
Let n(y) = -y**2 + 9*y + 3. Let z be 62/(-22) + ((-57)/11 - -5). Let g be (-1)/(1/(-9)) + 2 + z. What is n(g)?
11
Let f(b) = -5 + 0*b + 0*b - 5*b - 2*b + 6*b. Let q = 11 - 8. Suppose -j + 3*x - q - 5 = 0, 2*j - 5*x = -15. Determine f(j).
0
Let o(v) = 2*v + 10. Let q be o(3). Let y = -5 + 19. Let p = q - y. Let x(k) = -3*k**2 + k + 2. Determine x(p).
-8
Let h(k) = -3*k**2 + 5*k + 47. Let n(b) = 4*b**2 - 7*b - 69. Let v(t) = -7*h(t) - 5*n(t). Give v(0).
16
Let h be (2/(-4))/((-2)/(-20)). Let o(l) = 3*l**3 - 2*l**2 - 10. Let v(j) = -2*j**3 + 3*j**2 + 7. Let y(c) = -3*o(c) - 4*v(c). What is y(h)?
-23
Let k(o) = o**3 - 8*o**2 - 7*o - 4. Let f(n) = -n**2 + 9. Let s be f(0). What is k(s)?
14
Let s = -936 + 940. Let j(k) be the first derivative of -k**4/4 + 2*k**3/3 + k**2 + 3*k - 1. Give j(s).
-21
Let w(p) = 0 - 8*p + p**2 + 1 + 3 + 3 - 2. What is w(7)?
-2
Let r(b) = 6*b**2 - 4*b**3 + 2 - 3*b**2 + 2*b**3 + 3*b**3. Let o be (3/2)/((6/(-4))/3). Calculate r(o).
2
Suppose -3*u = -0*u + 2*o + 39, 5*u = o - 65. Let n be (8 - 0) + 4/2. Let g = u + n. Let z(j) = j**3 + 3*j**2 - 4. What is z(g)?
-4
Let a(s) = s**3 + 9*s**2 + 9*s + 9. Suppose v + 63 = -4*n + 214, -n = -v - 44. Suppose n + 1 = -5*f. Let d be a(f). Let r(x) = x - 1. Calculate r(d).
0
Let i = 94 - 92. Let y(o) = 3*o - 2*o - 1 + i. Give y(1).
2
Suppose -6*l + 285 = -27. Let f(z) = l*z - 27*z - 4 - 24*z. Calculate f(4).
0
Let s(t) = 24 + t**2 + t - 3 - 12 - 10. Let b(q) = q**3 - 5*q**2. Let k be b(5). Calculate s(k).
-1
Let t(c) = -3*c**3 - c**2 - c - 1. Let j be (-4)/(-6)*(-21 - 6). Let r = j + 17. Give t(r).
2
Let s(i) = 3*i**3 - i**2 - 2*i - 1. Let x(g) = 9*g + 125. Let z be x(-14). Calculate s(z).
-3
Let q be 6/(-4)*(-4)/6. Let h be (-1 - -3) + 0/q. Let d(o) = -8 - o**3 - 10*o**2 - o**h + 4*o**2 - 6*o. Determine d(-6).
-8
Suppose -4*w + 38 = 6. Let v be 3 + (w*-2)/(-4). Let m(d) = d**2 - 6*d - 2. Determine m(v).
5
Let r(a) = -6*a - 10. Let u(m) = 7*m + 11. Let q(f) = -6*r(f) - 5*u(f). What is q(-18)?
-13
Let h(v) = v**3 + 3*v**2 + 3*v + 3. Let t = 10 + 13. Let g = 8 + -33. Let s = t + g. Calculate h(s).
1
Let i(p) = -2*p**2 + p**2 - 32071 + 2*p**2 + 32091 - p. Calculate i(0).
20
Let x = -4 - -5. Let c(g) be the first derivative of g**2/2 + 459. Calculate c(x).
1
Let k(h) = -4*h**3 - 41*h**2 + 4*h + 64. Let f(p) = -p**3 - 14*p**2 + p + 21. Let v(g) = -7*f(g) + 2*k(g). Calculate v(16).
-3
Let m(k) = -16*k**2 - 88*k + 96*k + 15*k**2 - 3. Suppose 5*u = 5*i - 20, -u = 3*i - 5 - 19. Calculate m(i).
4
Let c(l) = -l**2 + 10*l + 5. Let b be c(8). Let v = 18 - b. Let w(j) = -j**3 - j**2 + 6*j. Let q be w(v). Let m(z) = z**3 + z**2 + z - 9. What is m(q)?
-9
Let g(t) = t**2 - 2*t + 3. Let o(j) = -j**2 - 11*j - 27. Let v be o(-6). Calculate g(v).
6
Let s = 18 - 15. Suppose -x = -s*x + 14. Suppose -3*g = b - 2*g - x, -3*b - 2*g = -18. Let t(z) = -z**2 + 2*z + 2. Determine t(b).
-6
Suppose 2*z + 0*z = 3*l + 23, -l + 7 = 3*z. Let t(y) = -3*y**2 - 6*y + 2. Determine t(l).
-43
Let u(o) = 2*o. Let w be 0 - (1/(-3) - 2/(-6)). Suppose 2*f = 4 - w. Determine u(f).
4
Let h(d) = -d**3 - d**2. Let b(z) =